 of 29260?
True
Is 39 a multiple of 6?
False
Does 14 divide 56037?
False
Is 24 a multiple of 21?
False
Is 26 a factor of 2201?
False
Does 35 divide 573?
False
Is 18 a factor of 11664?
True
Is 2157 a multiple of 4?
False
Is 20 a factor of 5960?
True
Does 15 divide 1575?
True
Is 31513 a multiple of 23?
False
Is 29 a factor of 609?
True
Is 27 a factor of 26271?
True
Does 58 divide 1218?
True
Is 11022 a multiple of 167?
True
Does 28 divide 728?
True
Is 19 a factor of 171?
True
Is 6003 a multiple of 9?
True
Is 782 even?
True
Is 4 a factor of 1173?
False
Does 160 divide 24160?
True
Is 377 a multiple of 94?
False
Is 86 a factor of 5184?
False
Does 12 divide 336?
True
Does 60 divide 2111?
False
Is 25 a factor of 4276?
False
Does 14 divide 6496?
True
Is 17 a factor of 964?
False
Does 26 divide 1131?
False
Is 164 a factor of 5691?
False
Is 39544 a multiple of 63?
False
Is 872 a multiple of 4?
True
Is 5 a factor of 30?
True
Does 4 divide 11?
False
Is 76 a factor of 12768?
True
Is 13 a factor of 2574?
True
Is 538 a multiple of 23?
False
Is 121 a factor of 6483?
False
Does 3 divide 600?
True
Is 31316 a multiple of 18?
False
Is 1173 a multiple of 11?
False
Does 10 divide 816?
False
Does 33 divide 436?
False
Does 14 divide 672?
True
Is 1006 a multiple of 27?
False
Is 536 a multiple of 7?
False
Does 39 divide 3452?
False
Does 87 divide 12180?
True
Is 13206 a multiple of 62?
True
Does 12 divide 1860?
True
Is 3824 a multiple of 8?
True
Does 55 divide 9617?
False
Is 43 even?
False
Is 2294 a multiple of 74?
True
Does 9 divide 1924?
False
Does 5 divide 2922?
False
Is 9075 a multiple of 75?
True
Is 57 a multiple of 3?
True
Does 43 divide 17372?
True
Is 3 a factor of 6?
True
Is 143 a factor of 98246?
False
Does 15 divide 582?
False
Does 21 divide 609?
True
Is 2246 a multiple of 61?
False
Is 330 a multiple of 6?
True
Does 37 divide 222?
True
Is 234 a multiple of 16?
False
Is 6820 a multiple of 34?
False
Is 55200 a multiple of 138?
True
Does 64 divide 64?
True
Does 12 divide 588?
True
Is 71 a factor of 4407?
False
Is 42 a factor of 643?
False
Is 3306 a multiple of 6?
True
Does 4 divide 320?
True
Is 155 a factor of 2325?
True
Is 75012 a multiple of 329?
True
Does 67 divide 37747?
False
Is 13100 a multiple of 64?
False
Does 9 divide 37440?
True
Is 2884 a multiple of 5?
False
Is 927 a multiple of 4?
False
Does 22 divide 1428?
False
Is 8 a factor of 9024?
True
Does 42 divide 724?
False
Is 10 a factor of 330?
True
Is 27390 a multiple of 104?
False
Is 8 a factor of 1048?
True
Is 46 a multiple of 13?
False
Is 21924 a multiple of 13?
False
Is 392 a multiple of 28?
True
Is 3 a factor of 128?
False
Does 60 divide 703?
False
Is 39216 a multiple of 19?
True
Is 126 a factor of 85266?
False
Is 2 a factor of 1421?
False
Is 64 a factor of 2622?
False
Is 157 a factor of 37448?
False
Is 14 a factor of 56?
True
Does 57 divide 4263?
False
Does 7 divide 3308?
False
Does 30 divide 43770?
True
Is 46 a factor of 215?
False
Is 96 a multiple of 6?
True
Is 17 a factor of 4539?
True
Is 2155 a multiple of 57?
False
Does 18 divide 41324?
False
Is 19 a factor of 1829?
False
Is 894 a multiple of 20?
False
Does 4 divide 12716?
True
Is 253 a multiple of 11?
True
Is 32580 a multiple of 9?
True
Is 15 a factor of 2430?
True
Does 10 divide 15120?
True
Is 19968 a multiple of 52?
True
Does 15 divide 71152?
False
Does 45 divide 9005?
False
Is 4 a factor of 76?
True
Is 468 a multiple of 78?
True
Is 982 a multiple of 8?
False
Is 11734 a multiple of 3?
False
Does 21 divide 940?
False
Does 49 divide 2141?
False
Is 20 a factor of 76232?
False
Does 4 divide 18132?
True
Is 35 a factor of 4283?
False
Does 10 divide 7810?
True
Is 42 a factor of 7518?
True
Is 9 a factor of 2520?
True
Is 3823 a multiple of 3?
False
Is 9 a factor of 430?
False
Is 61267 a multiple of 127?
False
Is 93 a factor of 1023?
True
Is 10 a factor of 380?
True
Does 4 divide 1388?
True
Is 4577 a multiple of 199?
True
Is 24976 a multiple of 48?
False
Is 82 a factor of 7099?
False
Is 69 a factor of 22080?
True
Is 9201 a multiple of 102?
False
Is 98 a factor of 1162?
False
Does 116 divide 114028?
True
Does 7 divide 406?
True
Is 172 a factor of 14888?
False
Is 7 a factor of 11543?
True
Is 3000 a multiple of 26?
False
Is 4 a factor of 8412?
True
Does 9 divide 37656?
True
Does 12 divide 4620?
True
Does 8 divide 228?
False
Is 41 a factor of 4415?
False
Is 6547 a multiple of 93?
False
Is 42589 a multiple of 233?
False
Is 87 a factor of 4698?
True
Does 49 divide 22540?
True
Does 16 divide 1944?
False
Is 408 a multiple of 102?
True
Is 48560 a multiple of 51?
False
Does 67 divide 129273?
False
Is 31 a factor of 9876?
False
Is 74 a factor of 1792?
False
Is 24 a factor of 1282?
False
Does 9 divide 1071?
True
Does 74 divide 12438?
False
Is 1952 a multiple of 244?
True
Does 6 divide 1164?
True
Does 7 divide 18133?
False
Is 19 a factor of 628?
False
Is 11180 a multiple of 172?
True
Does 4 divide 2682?
False
Is 12744 a multiple of 27?
True
Is 40 a factor of 7025?
False
Is 66265 a multiple of 145?
True
Does 40 divide 160?
True
Does 13 divide 44?
False
Does 6 divide 588?
True
Is 30763 a multiple of 89?
False
Is 23232 a multiple of 64?
True
Is 20 a factor of 4260?
True
Is 612 a multiple of 51?
True
Is 59 a factor of 708?
True
Is 9 a factor of 3085?
False
Is 583 a multiple of 3?
False
Is 2116 even?
True
Is 388 a multiple of 5?
False
Does 55 divide 16503?
False
Is 108 a factor of 7452?
True
Is 19770 a multiple of 30?
True
Is 138 a multiple of 8?
False
Is 3480 a multiple of 30?
True
Is 56 a factor of 5020?
False
Is 142 a multiple of 142?
True
Does 11 divide 4202?
True
Does 62 divide 18586?
False
Is 12 a factor of 19402?
False
Is 49 a factor of 24990?
True
Is 159 a multiple of 7?
False
Does 13 divide 44629?
True
Does 49 divide 784?
True
Is 3 a factor of 317?
False
Is 1140 a multiple of 30?
True
Is 1207 a multiple of 69?
False
Does 15 divide 600?
True
Is 28056 a multiple of 14?
True
Does 12 divide 624?
True
Is 12 a factor of 3566?
False
Does 73 divide 20148?
True
Is 4698 a multiple of 27?
True
Is 15 a factor of 124395?
True
Does 17 divide 690?
False
Is 685 a multiple of 5?
True
Is 4426 a multiple of 24?
False
Is 3 a factor of 9926?
False
Is 144 a factor of 27216?
True
Is 2630 a multiple of 10?
True
Is 10 a factor of 537?
False
Does 268 divide 46632?
True
Is 43 a factor of 1768?
False
Is 13 a factor of 2427?
False
Is 11049 a multiple of 9?
False
Is 4 a factor of 180?
True
Is 1848 a multiple of 12?
True
Does 2 divide 151?
False
Is 17 a factor of 32220?
False
Is 5608 a multiple of 8?
True
Is 186 a factor of 57102?
True
Does 8 divide 1054?
False
Is 15955 a multiple of 29?
False
Is 26 a factor of 2992?
False
Does 68 divide 41412?
True
Is 5753 a multiple of 59?
False
Is 14 a factor of 1134?
True
Is 41 a factor of 11305?
False
Is 22 a factor of 87?
False
Does 60 divide 77?
False
Does 28 divide 448?
True
Is 11310 a multiple of 43?
False
Does 9 divide 4304?
False
Does 11 divide 55?
True
Does 35 divide 1295?
True
Is 13 a factor of 2015?
True
Is 77 a factor of 29876?
True
Is 32608 a multiple of 8?
True
Is 45 a factor of 4905?
True
Does 30 divide 1290?
True
Is 1664 a multiple of 36?
False
Is 67 a factor of 7571?
True
Does 43 divide 11309?
True
Does 9 divide 765?
True
Does 44 divide 2948?
True
Does 14 divide 770?
True
Is 82 a multiple of 3?
False
Is 18 a factor of 1285?
False
Does 23 divide 2254?
True
Is 56 a multiple of 4?
True
Is 14781 a multiple of 45?
False
Does 62 divide 24118?
True
Is 1490 a multiple of 128?
False
Is 24626 a multiple of 14?
True
Is 11 a factor of 48013?
False
Is 52 a multiple of 13?
True
Is 520 a multiple of 92?
False
Does 9 divide 870?
False
Is 51282 a multiple of 77?
True
Is 250 a multiple of 25?
True
Does 14 divide 8022?
True
Is 329 a multiple of 9?
False
Is 9426 a multiple of 77?
False
Does 164 divide 4592?
True
Is 20148 a multiple of 46?
True
Does 117 divide 46212?
False
Is 5 a factor of 114?
False
Is 9 a factor of 592?
False
Is 27 a factor of 90045?
True
Does 47 divide 5043?
False
Is 27948 a multiple of 12?
True
Is 42400 a multiple of 80?
True
Is 22 a factor of 338?
False
Is 5 a factor of 30580?
True
Is 516 a multiple of 14?
False
Is 3 a factor of 204?
True
Is 19 a factor of 28391?
False
Does 119 divide 1750?
False
Is 4941 a multiple of 6?
False
Is 448